{"id":73,"date":"2021-01-07T17:43:37","date_gmt":"2021-01-07T15:43:37","guid":{"rendered":"http:\/\/a-lot-of-enjoyments.at\/?page_id=73"},"modified":"2021-09-05T12:02:33","modified_gmt":"2021-09-05T10:02:33","slug":"tschechien","status":"publish","type":"page","link":"https:\/\/a-lot-of-enjoyments.at\/?page_id=73","title":{"rendered":"Tschechien"},"content":{"rendered":"\n<figure class=\"wp-block-image\"><img decoding=\"async\" src=\"https:\/\/upload.wikimedia.org\/wikipedia\/commons\/thumb\/5\/53\/Czech_Republic%2C_administrative_divisions_-_de%2B%2B_-_colored.svg\/310px-Czech_Republic%2C_administrative_divisions_-_de%2B%2B_-_colored.svg.png\" alt=\"Administrative Gliederung Tschechiens\"\/><\/figure>\n\n\n\n<p>Tschechien (tschechisch \u010cesko) ist ein Binnenstaat in Mitteleuropa mit rund 10,5 Millionen Einwohnern. Es setzt sich aus den historischen L\u00e4ndern B\u00f6hmen (\u010cechy) und M\u00e4hren (Morava) sowie Teilen von Schlesien (Slezsko) zusammen. Hauptstadt und Millionenmetropole des Landes ist Prag (tschechisch Praha. <a rel=\"noreferrer noopener\" href=\"https:\/\/de.wikipedia.org\/wiki\/Tschechien\" target=\"_blank\">Wikipedia<\/a><\/p>\n\n\n\n<p><strong>Google Maps Karten der Regionen<\/strong><\/p>\n\n\n\n<ul class=\"wp-block-list\"><li><a rel=\"noreferrer noopener\" href=\"https:\/\/www.google.com\/maps\/d\/u\/0\/edit?mid=102JjDQCAcfK9jm_bkOr8Xq3LdqQnJe8X&amp;usp=sharing\" target=\"_blank\">M\u00e4hren und Schlesien<\/a> (S\u00fcdm\u00e4hren &#8211; Olm\u00fctz &#8211; Zlin &#8211; M\u00e4hren-Schlesien)<\/li><li><a rel=\"noreferrer noopener\" href=\"https:\/\/www.google.com\/maps\/d\/u\/0\/edit?mid=1ZKURgSYwkyuQHG61D55acqD6jpn4B9PP&amp;usp=sharing\" target=\"_blank\">Mittelb\u00f6hmen<\/a> (rund um Prag)<\/li><li><a rel=\"noreferrer noopener\" href=\"https:\/\/www.google.com\/maps\/d\/u\/0\/edit?mid=1uRY4IZv2-8a_EpIN_ar53Rwzir8pKD3-&amp;usp=sharing\" target=\"_blank\">Nordb\u00f6hmen<\/a> (Aussig &#8211; Reichenberg)<\/li><li><a rel=\"noreferrer noopener\" href=\"https:\/\/www.google.com\/maps\/d\/u\/0\/edit?mid=1jSBU6x7lzBLuFOGze2GFfBIOLaEf0Oli&amp;usp=sharing\" data-type=\"URL\" data-id=\"https:\/\/www.google.com\/maps\/d\/u\/0\/edit?mid=1jSBU6x7lzBLuFOGze2GFfBIOLaEf0Oli&amp;usp=sharing\" target=\"_blank\">Ostb\u00f6hmen<\/a> (K\u00f6nigsgr\u00e4tz &#8211; Pardubitz &#8211; Hochland)<\/li><li><a rel=\"noreferrer noopener\" href=\"https:\/\/www.google.com\/maps\/d\/u\/0\/edit?mid=178aL9ucejP-juIBO3L5lTnyTJAKDYbUz&amp;usp=sharing\" target=\"_blank\">S\u00fcdb\u00f6hmen<\/a> <\/li><li><a rel=\"noreferrer noopener\" href=\"https:\/\/www.google.com\/maps\/d\/u\/0\/edit?mid=140RlcWmVy0Qkwzrjck1RiBZgkzcBRJmY&amp;usp=sharing\" target=\"_blank\">Westb\u00f6hmen<\/a> (Karlsbad &#8211; Pilsen)<\/li><\/ul>\n","protected":false},"excerpt":{"rendered":"<p>Tschechien (tschechisch \u010cesko) ist ein Binnenstaat in Mitteleuropa mit rund 10,5 Millionen Einwohnern. Es setzt sich aus den historischen L\u00e4ndern B\u00f6hmen (\u010cechy) und M\u00e4hren (Morava) sowie Teilen von Schlesien (Slezsko) zusammen. Hauptstadt und Millionenmetropole des Landes ist Prag (tschechisch Praha. Wikipedia Google Maps Karten der Regionen M\u00e4hren und Schlesien (S\u00fcdm\u00e4hren &#8211; Olm\u00fctz &#8211; Zlin &#8211;&hellip; <a class=\"more-link\" href=\"https:\/\/a-lot-of-enjoyments.at\/?page_id=73\"><span class=\"screen-reader-text\">Tschechien<\/span> weiterlesen<\/a><\/p>\n","protected":false},"author":1,"featured_media":0,"parent":0,"menu_order":0,"comment_status":"closed","ping_status":"closed","template":"","meta":{"footnotes":""},"class_list":["post-73","page","type-page","status-publish","hentry","entry"],"_links":{"self":[{"href":"https:\/\/a-lot-of-enjoyments.at\/index.php?rest_route=\/wp\/v2\/pages\/73","targetHints":{"allow":["GET"]}}],"collection":[{"href":"https:\/\/a-lot-of-enjoyments.at\/index.php?rest_route=\/wp\/v2\/pages"}],"about":[{"href":"https:\/\/a-lot-of-enjoyments.at\/index.php?rest_route=\/wp\/v2\/types\/page"}],"author":[{"embeddable":true,"href":"https:\/\/a-lot-of-enjoyments.at\/index.php?rest_route=\/wp\/v2\/users\/1"}],"replies":[{"embeddable":true,"href":"https:\/\/a-lot-of-enjoyments.at\/index.php?rest_route=%2Fwp%2Fv2%2Fcomments&post=73"}],"version-history":[{"count":6,"href":"https:\/\/a-lot-of-enjoyments.at\/index.php?rest_route=\/wp\/v2\/pages\/73\/revisions"}],"predecessor-version":[{"id":450,"href":"https:\/\/a-lot-of-enjoyments.at\/index.php?rest_route=\/wp\/v2\/pages\/73\/revisions\/450"}],"wp:attachment":[{"href":"https:\/\/a-lot-of-enjoyments.at\/index.php?rest_route=%2Fwp%2Fv2%2Fmedia&parent=73"}],"curies":[{"name":"wp","href":"https:\/\/api.w.org\/{rel}","templated":true}]}}