{"id":537,"date":"2022-10-13T09:38:14","date_gmt":"2022-10-13T07:38:14","guid":{"rendered":"https:\/\/a-lot-of-enjoyments.at\/?page_id=537"},"modified":"2025-10-22T10:53:29","modified_gmt":"2025-10-22T08:53:29","slug":"galicia","status":"publish","type":"page","link":"https:\/\/a-lot-of-enjoyments.at\/?page_id=537","title":{"rendered":"Spanien &#8211; Galicia"},"content":{"rendered":"\n<figure class=\"wp-block-image size-full\"><a href=\"https:\/\/a-lot-of-enjoyments.at\/wp-f3f79-content\/uploads\/2022\/10\/image-11.png\"><img loading=\"lazy\" decoding=\"async\" width=\"713\" height=\"751\" src=\"https:\/\/a-lot-of-enjoyments.at\/wp-f3f79-content\/uploads\/2022\/10\/image-11.png\" alt=\"\" class=\"wp-image-591\" srcset=\"https:\/\/a-lot-of-enjoyments.at\/wp-f3f79-content\/uploads\/2022\/10\/image-11.png 713w, https:\/\/a-lot-of-enjoyments.at\/wp-f3f79-content\/uploads\/2022\/10\/image-11-285x300.png 285w\" sizes=\"auto, (max-width: 713px) 100vw, 713px\" \/><\/a><figcaption>Pr\u00e4gend f\u00fcr die Region sind die Riask\u00fcste und hohe Bergketten, die Galicien vom Rest Spaniens abschotten. Mehr als die H\u00e4lfte des Gebietes liegt \u00fcber 400 Meter. Die h\u00f6chste Erhebung ist mit 2127 Metern die Pe\u00f1a Trevinca. Der ausgepr\u00e4gte K\u00fcstenverlauf Galiciens mit einer Gesamtl\u00e4nge von rund 1659 Kilometern, von denen \u00fcber 800 Kilometer aus Steilk\u00fcste und rund 300 Kilometer aus Strandabschnitten bestehen, umfasst rund ein Drittel der spanischen Atlantikk\u00fcste. Charakteristisch f\u00fcr Galiciens K\u00fcste sind die R\u00edas, schlauch- und trichterf\u00f6rmige, fjord\u00e4hnliche Flussm\u00fcndungen, in die das Meer eingedrungen ist.<\/figcaption><\/figure>\n\n\n\n<p><strong>Google-Maps Karten<\/strong><\/p>\n\n\n\n<p><a href=\"https:\/\/www.google.com\/maps\/d\/u\/0\/edit?mid=1ZsSl2cfu4SHfJSnG8RyQPzbLPkA_nXI&amp;usp=sharing\" target=\"_blank\" rel=\"noreferrer noopener\">La Coru\u00f1a<\/a><\/p>\n\n\n\n<p><a href=\"https:\/\/www.google.com\/maps\/d\/u\/0\/edit?mid=1hIx4LTtV9CO2-3joyqqdgOTfxS8swFQ&amp;usp=sharing\" target=\"_blank\" rel=\"noreferrer noopener\">Lugo<\/a><\/p>\n\n\n\n<p><a href=\"https:\/\/www.google.com\/maps\/d\/u\/0\/edit?mid=1LsEMSfdGiMLps6wOVhcevK-zRvEAhuQ&amp;usp=sharing\" target=\"_blank\" rel=\"noreferrer noopener\">Ourense<\/a><\/p>\n\n\n\n<p><a href=\"https:\/\/www.google.com\/maps\/d\/u\/0\/edit?mid=1M8gPPzaO9K_NH51Kss-79b-qA1R5lLo&amp;usp=sharing\" target=\"_blank\" rel=\"noreferrer noopener\">Pontevedra<\/a><\/p>\n","protected":false},"excerpt":{"rendered":"<p>Google-Maps Karten La Coru\u00f1a Lugo Ourense Pontevedra<\/p>\n","protected":false},"author":1,"featured_media":0,"parent":0,"menu_order":0,"comment_status":"closed","ping_status":"closed","template":"","meta":{"footnotes":""},"class_list":["post-537","page","type-page","status-publish","hentry","entry"],"_links":{"self":[{"href":"https:\/\/a-lot-of-enjoyments.at\/index.php?rest_route=\/wp\/v2\/pages\/537","targetHints":{"allow":["GET"]}}],"collection":[{"href":"https:\/\/a-lot-of-enjoyments.at\/index.php?rest_route=\/wp\/v2\/pages"}],"about":[{"href":"https:\/\/a-lot-of-enjoyments.at\/index.php?rest_route=\/wp\/v2\/types\/page"}],"author":[{"embeddable":true,"href":"https:\/\/a-lot-of-enjoyments.at\/index.php?rest_route=\/wp\/v2\/users\/1"}],"replies":[{"embeddable":true,"href":"https:\/\/a-lot-of-enjoyments.at\/index.php?rest_route=%2Fwp%2Fv2%2Fcomments&post=537"}],"version-history":[{"count":5,"href":"https:\/\/a-lot-of-enjoyments.at\/index.php?rest_route=\/wp\/v2\/pages\/537\/revisions"}],"predecessor-version":[{"id":923,"href":"https:\/\/a-lot-of-enjoyments.at\/index.php?rest_route=\/wp\/v2\/pages\/537\/revisions\/923"}],"wp:attachment":[{"href":"https:\/\/a-lot-of-enjoyments.at\/index.php?rest_route=%2Fwp%2Fv2%2Fmedia&parent=537"}],"curies":[{"name":"wp","href":"https:\/\/api.w.org\/{rel}","templated":true}]}}