{"id":198,"date":"2021-01-07T18:09:41","date_gmt":"2021-01-07T16:09:41","guid":{"rendered":"http:\/\/a-lot-of-enjoyments.at\/?page_id=198"},"modified":"2025-10-22T11:04:52","modified_gmt":"2025-10-22T09:04:52","slug":"sicilia","status":"publish","type":"page","link":"https:\/\/a-lot-of-enjoyments.at\/?page_id=198","title":{"rendered":"Italien &#8211; 19 Sicilia"},"content":{"rendered":"\n<figure class=\"wp-block-image\"><img decoding=\"async\" src=\"https:\/\/upload.wikimedia.org\/wikipedia\/commons\/thumb\/d\/d2\/Map_of_region_of_Sicily%2C_Italy%2C_with_provinces-de.svg\/220px-Map_of_region_of_Sicily%2C_Italy%2C_with_provinces-de.svg.png\" alt=\"\"\/><\/figure>\n\n\n\n<p>Sizilien (italienisch und sizilianisch vom lateinischen Sicilia ist mit 25.426 km\u00b2 die gr\u00f6\u00dfte Insel im Mittelmeer. Die K\u00fcstenl\u00e4nge betr\u00e4gt 1152 Kilometer. Gemeinsam mit einigen ihr vorgelagerten kleineren Inseln bildet sie die Autonome Region Sizilien der Italienischen Republik. <a rel=\"noreferrer noopener\" href=\"https:\/\/de.wikipedia.org\/wiki\/Sizilien\" target=\"_blank\">Wikipedia<\/a><\/p>\n\n\n\n<p><strong>Google Maps Karten der Provinzen<\/strong><\/p>\n\n\n\n<ul class=\"wp-block-list\">\n<li><strong>Agrigent<\/strong>\n<ul class=\"wp-block-list\">\n<li><a href=\"https:\/\/www.google.com\/maps\/d\/edit?mid=14hZAYsE8VPUV2eNpOOw1MkndhhNzLg5u&amp;usp=sharing\" target=\"_blank\" rel=\"noreferrer noopener\">Visit<\/a><\/li>\n\n\n\n<li><a href=\"https:\/\/www.google.com\/maps\/d\/edit?mid=1hLy9k6JtOrxq-8Vpxe7GdJJRSyq78WY&amp;usp=sharing\" target=\"_blank\" rel=\"noreferrer noopener\">Gastronomie<\/a><\/li>\n<\/ul>\n<\/li>\n\n\n\n<li><strong>Catania<\/strong>\n<ul class=\"wp-block-list\">\n<li><a href=\"https:\/\/www.google.com\/maps\/d\/edit?mid=1ZPqhlQqv9J4fSoCFh1ggESTdK-wpzvs1&amp;usp=sharing\" target=\"_blank\" rel=\"noreferrer noopener\">Visit<\/a><\/li>\n\n\n\n<li><a href=\"https:\/\/www.google.com\/maps\/d\/edit?mid=1eqBZWFZs7aQ6UwWL6JUDzaJz7eM7Fjg&amp;usp=sharing\" target=\"_blank\" rel=\"noreferrer noopener\">Gastronomie<\/a><\/li>\n<\/ul>\n<\/li>\n\n\n\n<li><a href=\"https:\/\/www.google.com\/maps\/d\/edit?mid=1anij65zoS0vm-tJSNfkuxIKT1KFBmLOw&amp;usp=sharing\" target=\"_blank\" rel=\"noreferrer noopener\"><strong>Caltanissetta<\/strong><\/a><\/li>\n\n\n\n<li><a href=\"https:\/\/www.google.com\/maps\/d\/u\/0\/edit?mid=1mkEYz3yT5Yeh4NYOBI3FlJ5Adul83bHG&amp;usp=sharing\" target=\"_blank\" rel=\"noreferrer noopener\"><strong>Enna<\/strong><\/a><\/li>\n\n\n\n<li><strong>Messina<\/strong>\n<ul class=\"wp-block-list\">\n<li><a href=\"https:\/\/www.google.com\/maps\/d\/edit?mid=1AAOtF3nxLhx8yGLqGoEXa8Q-mLRT7i4x&amp;usp=sharing\" target=\"_blank\" rel=\"noreferrer noopener\">Visit<\/a><\/li>\n\n\n\n<li><a href=\"https:\/\/www.google.com\/maps\/d\/edit?mid=1DLKgPNJTIhxf6k4fU7ZrituOYQFqvnU&amp;usp=sharing\" target=\"_blank\" rel=\"noreferrer noopener\">Gastronomie Messina Est<\/a><\/li>\n\n\n\n<li><a href=\"https:\/\/www.google.com\/maps\/d\/edit?mid=1gbltV3KTlwm9J-Jgv_bF7cOSjl5P0Bw&amp;usp=sharing\" target=\"_blank\" rel=\"noreferrer noopener\">Gastronomie Messina Ovest<\/a><\/li>\n\n\n\n<li><a href=\"https:\/\/www.google.com\/maps\/d\/edit?mid=1cJgZxFNsCXuTZvIvAJ4p-JE6BH6NQz4&amp;usp=sharing\" target=\"_blank\" rel=\"noreferrer noopener\">Gastronomie Eolische Inseln<\/a><\/li>\n<\/ul>\n<\/li>\n\n\n\n<li><strong>Palermo<\/strong>\n<ul class=\"wp-block-list\">\n<li><a href=\"https:\/\/www.google.com\/maps\/d\/edit?mid=10fanFpqjlNbziiX9k0st3y5w-5sfJfXp&amp;usp=sharing\" target=\"_blank\" rel=\"noreferrer noopener\">Stadt Visit<\/a><\/li>\n\n\n\n<li><a href=\"https:\/\/www.google.com\/maps\/d\/edit?mid=14TX2NEWUuEccODow3qU0gFGwO7lSwmQ&amp;usp=sharing\" target=\"_blank\" rel=\"noreferrer noopener\">Stadt Gastronomie<\/a><\/li>\n\n\n\n<li><a href=\"https:\/\/www.google.com\/maps\/d\/edit?mid=1JzQ70IznoODgYN7BhBEZH1ch1T5AADTg&amp;usp=sharing\" target=\"_blank\" rel=\"noreferrer noopener\">Provinz Visit<\/a><\/li>\n\n\n\n<li><a href=\"https:\/\/www.google.com\/maps\/d\/edit?mid=1ezeLU0KxJN9izqDvWYX5Ro48GSO3CCU&amp;usp=sharing\" target=\"_blank\" rel=\"noreferrer noopener\">Provinz Gastronomie<\/a><\/li>\n<\/ul>\n<\/li>\n\n\n\n<li><strong>Ragusa<\/strong>\n<ul class=\"wp-block-list\">\n<li><a href=\"https:\/\/www.google.com\/maps\/d\/edit?mid=1fOr3Y5DUAnsZFFDmTw-Uzsne23w6Uw-G&amp;usp=sharing\" target=\"_blank\" rel=\"noreferrer noopener\">Visit<\/a><\/li>\n\n\n\n<li><a href=\"https:\/\/www.google.com\/maps\/d\/edit?mid=14DwojYdR7XTEC6MUT-CrSOvR07tvJ6E&amp;usp=sharing\" target=\"_blank\" rel=\"noreferrer noopener\">Gastronomie<\/a><\/li>\n<\/ul>\n<\/li>\n\n\n\n<li><strong>Siracusa<\/strong>\n<ul class=\"wp-block-list\">\n<li><a href=\"https:\/\/www.google.com\/maps\/d\/edit?mid=1oMUO_D9O0HzMFEcJgpZosAB8YP5zMqJG&amp;usp=sharing\" target=\"_blank\" rel=\"noreferrer noopener\">Visit<\/a><\/li>\n\n\n\n<li><a href=\"https:\/\/www.google.com\/maps\/d\/edit?mid=1UZ-wXC1aIBCPZhtAMl2RyfHcQYyfkv8&amp;usp=sharing\" target=\"_blank\" rel=\"noreferrer noopener\">Gastronomie<\/a><\/li>\n<\/ul>\n<\/li>\n\n\n\n<li><strong>Trapani<\/strong>\n<ul class=\"wp-block-list\">\n<li><a href=\"https:\/\/www.google.com\/maps\/d\/edit?mid=1MdP9B65-8k3_9YjHHg75RItwVdoNzWz8&amp;usp=sharing\" target=\"_blank\" rel=\"noreferrer noopener\">Visit<\/a><\/li>\n\n\n\n<li><a href=\"https:\/\/www.google.com\/maps\/d\/edit?mid=1nLitHM9xcAlKX4hZqFHr37uNv5wyOKk&amp;usp=sharing\" target=\"_blank\" rel=\"noreferrer noopener\">Gastronomie<\/a><\/li>\n<\/ul>\n<\/li>\n<\/ul>\n","protected":false},"excerpt":{"rendered":"<p>Sizilien (italienisch und sizilianisch vom lateinischen Sicilia ist mit 25.426 km\u00b2 die gr\u00f6\u00dfte Insel im Mittelmeer. Die K\u00fcstenl\u00e4nge betr\u00e4gt 1152 Kilometer. Gemeinsam mit einigen ihr vorgelagerten kleineren Inseln bildet sie die Autonome Region Sizilien der Italienischen Republik. Wikipedia Google Maps Karten der Provinzen<\/p>\n","protected":false},"author":1,"featured_media":0,"parent":0,"menu_order":0,"comment_status":"closed","ping_status":"closed","template":"","meta":{"footnotes":""},"class_list":["post-198","page","type-page","status-publish","hentry","entry"],"_links":{"self":[{"href":"https:\/\/a-lot-of-enjoyments.at\/index.php?rest_route=\/wp\/v2\/pages\/198","targetHints":{"allow":["GET"]}}],"collection":[{"href":"https:\/\/a-lot-of-enjoyments.at\/index.php?rest_route=\/wp\/v2\/pages"}],"about":[{"href":"https:\/\/a-lot-of-enjoyments.at\/index.php?rest_route=\/wp\/v2\/types\/page"}],"author":[{"embeddable":true,"href":"https:\/\/a-lot-of-enjoyments.at\/index.php?rest_route=\/wp\/v2\/users\/1"}],"replies":[{"embeddable":true,"href":"https:\/\/a-lot-of-enjoyments.at\/index.php?rest_route=%2Fwp%2Fv2%2Fcomments&post=198"}],"version-history":[{"count":10,"href":"https:\/\/a-lot-of-enjoyments.at\/index.php?rest_route=\/wp\/v2\/pages\/198\/revisions"}],"predecessor-version":[{"id":960,"href":"https:\/\/a-lot-of-enjoyments.at\/index.php?rest_route=\/wp\/v2\/pages\/198\/revisions\/960"}],"wp:attachment":[{"href":"https:\/\/a-lot-of-enjoyments.at\/index.php?rest_route=%2Fwp%2Fv2%2Fmedia&parent=198"}],"curies":[{"name":"wp","href":"https:\/\/api.w.org\/{rel}","templated":true}]}}